me factors of (-4)/(-22) + 51058/22.
11, 211
Suppose -13*n = -18*n. Suppose n = -2*s - 118 - 62. Let g = -23 - s. What are the prime factors of g?
67
Let v(b) = 2101*b**2 + 52*b + 116. What are the prime factors of v(-2)?
2, 263
Let f(d) be the first derivative of -17*d**4/24 - 11*d**3 + 41*d**2/2 + 28. Let z(l) be the second derivative of f(l). What are the prime factors of z(-11)?
11
What are the prime factors of (-58)/((9/309)/(-3))?
2, 29, 103
Suppose -2*n - 4*n - 10512 = 0. List the prime factors of 6/4 + n/(-16).
3, 37
Let d = 2269 + -1381. Suppose -5*f = -f - d. List the prime factors of f.
2, 3, 37
Suppose 108 = 3*w + 2*h - 99, 0 = w + 3*h - 62. Let p = w + 64. List the prime factors of p.
3, 5
Let n(l) = 3*l - 3. Let d be n(-6). List the prime factors of 3/(-7) - (-2 - (-1710)/d).
83
Suppose 13*p + 24 = 5*p. Let b(u) = -4*u + 7. Let x be b(p). Let d = 4 + x. List the prime factors of d.
23
Suppose -12*d + 7*d + 75 = 0. Suppose d = 4*o - 5. Suppose -4*v - 20 = 0, 0 = w - o*v + 4*v - 38. List the prime factors of w.
3, 11
Let w(t) = -38*t**3 + 32*t + 59. What are the prime factors of w(-3)?
23, 43
Let t be (16/3)/(8/144). Let h = -75 + t. Suppose 4*a - 24 = -3*r, -3 - h = -3*r + 2*a. List the prime factors of r.
2
Let p(u) = 446*u - 350. List the prime factors of p(14).
2, 7, 421
Let d = 7235 - 4994. List the prime factors of d.
3, 83
What are the prime factors of 139248/10 - (-84)/(-70)*-1?
2, 3, 11, 211
Let w = -57 - -56. List the prime factors of -1 + (-70 + -1)/(w/3).
2, 53
Let q(i) = 18*i**3 + 13*i**2 - 26*i + 1. What are the prime factors of q(7)?
2, 3, 5, 13, 17
Let t(s) = s**2 - s - 17. Let k be t(5). Let q be (-1 - 435/k)/((-3)/18). What are the prime factors of (q/(-8))/(-3)*2?
73
Let j be 4 + 5 + (-35)/5. Suppose 2*q + 1308 = 4*v, q - 6*q - 662 = -j*v. What are the prime factors of v?
2, 163
Suppose 3*i - 261 - 183 = 0. Let x = 331 - i. List the prime factors of x.
3, 61
Let v(c) = -10 + 24 - c - 5. Let j be v(5). Suppose -5*s + 2*a + 955 = 188, j*a + 604 = 4*s. What are the prime factors of s?
5, 31
Let x be 0*((-8)/(-52) - 45/39). Suppose x = -q + 105 + 349. List the prime factors of q.
2, 227
Let f be (33/(-12) + (1 - -1))*-4. Suppose -f*u - 3*u + 3090 = 0. What are the prime factors of u?
5, 103
Let y = 91 - 639. Let f = y + 652. What are the prime factors of f?
2, 13
Let p be 112/(-20)*(-4470)/12. Let n = p - 1110. List the prime factors of n.
2, 61
Let w(x) = -210*x + 588*x - 258*x + 20 + 1. List the prime factors of w(2).
3, 29
Suppose 3*z + 2*v = 188, 4*z + 4 - 228 = 4*v. Let j be 765/4 + -5*3/60. Let k = j - z. What are the prime factors of k?
131
Let y = 206 - 188. Suppose h = 3*l + 520, 1095 = 20*h - y*h + 5*l. What are the prime factors of h?
5, 107
Suppose 9*f = 7*f - 9*f. Suppose f = 5*p - 11 + 21. List the prime factors of -1*(-2)/p*-103.
103
What are the prime factors of (1175/(-1175))/(2*2/(-206412))?
3, 103, 167
Suppose -16*h - 5283 = -16643. Let v = h + -392. List the prime factors of v.
2, 3, 53
Suppose 5946 = 3*v - 3*r, 3*v - 4*r - 1530 = 4414. Suppose 4*l = -4*w + v, w - 2*l + 7*l - 476 = 0. What are the prime factors of w?
3, 167
Let o be 6 + (1 - 1) - (-192)/(-48). Suppose -2*a = -5*k - 817, -858 + 56 = -2*a + o*k. List the prime factors of a.
2, 3, 11
Suppose -33*z = 59 - 950. Suppose -5*w - q = -8497, w = -25*q + z*q + 1695. List the prime factors of w.
1699
Let h be 10/6*(0 + 6). Let x(f) = f**3 - 4*f**2 - 8*f + 18. Let m be x(5). Suppose -h = -m*n + 14. List the prime factors of n.
2
Suppose 0 = 265*u - 260*u - 15. Let b(l) = 34*l**3 + 2*l + 7. What are the prime factors of b(u)?
7, 19
Let v = -74 - -72. Let y be ((-32)/(-6))/v*(-171)/76. Suppose 3*f = y + 3, -64 = -m - f. List the prime factors of m.
61
Let q be (2/((-4)/(-3)))/(6/(-8)). Let l be ((-6)/q)/((-6)/(-4)) + 2. Suppose o - 2*i - 78 = 0, -o - l*o + 3*i = -411. List the prime factors of o.
2, 3, 7
Suppose -205*r = -242*r + 247826. What are the prime factors of r?
2, 17, 197
Suppose -32*g + 1078429 = -51958 - 435949. List the prime factors of g.
2, 3, 4079
Let j(d) = 3*d**2 - 3*d + 13. Let c be 8/(-14) + (-36)/(-14). Suppose -c = v - 4*x + 3*x, 50 = -5*v - 3*x. List the prime factors of j(v).
181
Let x be -2 - -1 - (1 - 24). Suppose 4*p = 2 + 6. Suppose v + x + 134 = 4*r, p*r + 3*v - 92 = 0. What are the prime factors of r?
2, 5
Suppose 5*r - 3*g = 30, r + 4*g + 24 = 5*r. Suppose 0 = r*z + z - 14. Suppose z*m = -2*p + 3*m + 125, 2*p + m - 131 = 0. List the prime factors of p.
2
Suppose 792 = -4*r + 13*r. Let c = -72 + 143. Let t = r - c. What are the prime factors of t?
17
Suppose -4*l = l - 530. Suppose -j + 40 = -2*d, -4*j + 4*d = -l - 54. What are the prime factors of j?
2, 5
Let m be (-9)/(-54) - 1/6. Let t be m/(2 + (-5 - -1)). Suppose u - 2*u + 18 = t. List the prime factors of u.
2, 3
Let z be 0 + (-8)/44 - 90/(-11). Let a be (-866)/(-4) - ((-12)/z)/(-3). Suppose 5*c + 3*w - 281 = 0, -c + 2*w = 3*c - a. List the prime factors of c.
5, 11
Suppose 4*h = -3*q + 8791, 263*h - 4*q + 6602 = 266*h. List the prime factors of h.
2, 1097
Suppose 109402 = 5*y - 9*s - 0*s, -3*y = -5*s - 65642. List the prime factors of y.
2, 5471
Let p(a) be the second derivative of -11*a**4/24 - 8*a**3/3 + 7*a**2 - 15*a. Let l(q) be the first derivative of p(q). List the prime factors of l(-13).
127
Suppose 0 = 54*t - 445698 + 9077 - 485429. What are the prime factors of t?
5, 683
Let h(n) = n**3 - 6*n**2 - n - 10. Let q be h(7). Let v(z) = 33*z - 66*z + 82 + q*z. What are the prime factors of v(0)?
2, 41
Let t(u) = u**2 - 5*u + 5. Let v be t(5). Suppose -g - v = -15. Suppose 8*j - g*j + 40 = 0. What are the prime factors of j?
2, 5
Let f = -587 + 590. Suppose 0*z = 3*z, -f*z = 3*j - 132. What are the prime factors of j?
2, 11
Suppose 91 + 578 = 3*n. Let c = n + 113. What are the prime factors of c?
2, 3, 7
Let o = 1869 - 1619. What are the prime factors of o?
2, 5
Let f = 6819 + 2172. List the prime factors of f.
3, 37
Suppose 18383 - 11205 = 17*a - 22419. List the prime factors of a.
1741
List the prime factors of 18015730/2575*(-5)/(-2).
17491
Let m = -11387 - -11399. What are the prime factors of m?
2, 3
Let m(l) = 710*l**2 - 27*l + 48. Let q be m(2). Suppose 6*n - 298 = q. List the prime factors of n.
2, 3, 29
Let k(y) = 3*y - 3. Let r be k(4). Suppose -4480 = -r*g + 2*g. Suppose -512 = -4*u - 0*p + 3*p, 5*u = -p + g. List the prime factors of u.
2
Suppose 0 = 4*h - 3*q - 2925, 5*q = 5*h + q - 3655. Let l = h - 466. List the prime factors of l.
269
Let w(y) = -4*y**3 + 3*y**2 + 3*y - 14. Let u be w(-8). Let l = u + -1054. List the prime factors of l.
2, 7, 41
Suppose 15 = 3*p, k - 1191 = 7*p - 4*p. Let x = k - 325. What are the prime factors of x?
881
Suppose 0 = -6*f + f + 2*w + 30, f - 14 = 2*w. Let r = -305 - -306. List the prime factors of (r/f)/(14/3416).
61
Let q(a) be the third derivative of a**4/3 - 77*a**3/3 - 5*a**2 - 3. List the prime factors of q(32).
2, 3, 17
Suppose 2*z + 250 = 5*p, 6*z - z + 642 = 4*p. Let f = z - -438. Suppose -3*c + 331 = -f. List the prime factors of c.
3, 71
Let c = 2306 - -1360. Suppose 2*j + 16*p = 20*p + 1848, 2*p - c = -4*j. List the prime factors of j.
2, 3, 17
Let x(i) = -i**2 + 11*i - 28. Let t be x(6). Let c be (1142*5/40)/(t/8). Suppose -7*s + 2*n = -4*s - 343, 4*n + c = 5*s. List the prime factors of s.
5, 23
Let l(z) = -136*z**2 + 4*z - 6. Let w be l(1). Let n = 142 + w. What are the prime factors of ((-500)/15)/(-1) - n/12?
3, 11
What are the prime factors of (12/9)/((-749938)/83328 + 9)?
2, 31
Let p(c) = 2*c**3 - 55*c**2 - 14. Let a be p(28). Let m = a - 327. List the prime factors of m.
443
Let h be 3/(-6)*(-21 + -3). Suppose 5*o = 4*u + 1443, 0 = 3*o - 17*u + h*u - 871. What are the prime factors of o?
7, 41
Suppose 0 = -22*w + 20*w + 31610. List the prime factors of w.
5, 29, 109
Let g(a) = a**2 + 2*a - 56. Let m be g(14). List the prime factors of 8*7/(m/426).
2, 71
Suppose 19*w - 750 = -6*w. Suppose 92 = -7*m + w*m. What are the prime factors of m?
2
Let l = -7265 + 7269. Suppose 4*j - 5*j + 1764 = 0. Suppose 5*f - j = -l*f. What are the prime factors of f?
2, 7
Let d be (-2)/(0 + 2) + 37. Let w(h) = h**2 - 10*h - 329. Let k be w(-14). Let l = k + d. What are the prime factors of l?
43
Let w(m) = 